{"id":86953,"date":"2023-05-31T15:48:52","date_gmt":"2023-05-31T13:48:52","guid":{"rendered":"https:\/\/spbe.spschweiz.ch\/personnes\/comite-directeur\/"},"modified":"2023-05-31T15:48:52","modified_gmt":"2023-05-31T13:48:52","slug":"comite-directeur","status":"publish","type":"page","link":"https:\/\/spbielbienneseeland.ch\/fr\/personnes\/comite-directeur\/","title":{"rendered":"Comit\u00e9 directeur"},"content":{"rendered":"<h1>Comit\u00e9 directeur<\/h1>\n<p>Le Comit\u00e9 directeur est responsable de la direction strat\u00e9gique du PS du canton de Berne. Il arr\u00eate les lignes directrices politiques et d\u00e9cide des campagnes de votation et d\u2019\u00e9lection. Il r\u00e9unit les membres du comit\u00e9 directeur, les membres PS du gouvernement, le Chancelier d\u2019Etat et les membres \u00e9lus par le congr\u00e8s.<\/p>\n<p>\t\t\t<a href=\"https:\/\/spbielbienneseeland.ch\/person\/michael-aeschbacher\/\"><img decoding=\"async\" src=\"https:\/\/spbielbienneseeland.ch\/wp-content\/uploads\/2023\/01\/csm_Bild_Michael_Aeschbacher_farbig_67d67c0ada-1-600x600.jpg?v=1674666468\" alt=\"Michael Aeschbacher\" loading=\"lazy\"><\/a><a href=\"https:\/\/spbielbienneseeland.ch\/person\/michael-aeschbacher\/\"><\/p>\n<p><strong>Michael Aeschbacher<\/strong><\/p>\n<p><\/a><\/p>\n<p>frei gew\u00e4hltes Mitglied<\/p>\n<ul>\n<li><a href=\"mailto:aeschbacher.michael@outlook.com\">E-Mail<\/a><\/li>\n<\/ul>\n<p><a href=\"https:\/\/spbielbienneseeland.ch\/person\/evi-allemann\/\"><img decoding=\"async\" src=\"https:\/\/spbielbienneseeland.ch\/wp-content\/uploads\/2023\/01\/csm_Evi_Allemann_klein_a3ada97a6d-1-600x600.jpg?v=1674666153\" alt=\"Evi Allemann\" loading=\"lazy\"><\/a><a href=\"https:\/\/spbielbienneseeland.ch\/person\/evi-allemann\/\"><\/p>\n<p><strong>Evi Allemann<\/strong><\/p>\n<p><\/a><\/p>\n<p>Direktorin der Direktion f\u00fcr Inneres und Justiz<\/p>\n<ul>\n<li><a href=\"mailto:evi.allemann@be.ch\">E-Mail<\/a><\/li>\n<\/ul>\n<p><a href=\"https:\/\/spbielbienneseeland.ch\/person\/cipriano-alvarez\/\"><img decoding=\"async\" src=\"https:\/\/spbielbienneseeland.ch\/wp-content\/uploads\/2023\/01\/csm_Bild_CAlvarez_6f9f77fa89-1-600x600.jpg?v=1674666471\" alt=\"Cipriano Alvarez\" loading=\"lazy\"><\/a><a href=\"https:\/\/spbielbienneseeland.ch\/person\/cipriano-alvarez\/\"><\/p>\n<p><strong>Cipriano Alvarez<\/strong><\/p>\n<p><\/a><\/p>\n<p>Juristische Fachperson<\/p>\n<ul>\n<li><a href=\"mailto:c.alvarez@bluewin.ch\">E-Mail<\/a><\/li>\n<\/ul>\n<p><a href=\"https:\/\/spbielbienneseeland.ch\/person\/christoph-ammann\/\"><img decoding=\"async\" src=\"https:\/\/spbielbienneseeland.ch\/wp-content\/uploads\/2023\/01\/csm_Christoph_Ammann_4fafff9b4a-1-600x600.jpg?v=1674666151\" alt=\"Christoph Ammann\" loading=\"lazy\"><\/a><a href=\"https:\/\/spbielbienneseeland.ch\/person\/christoph-ammann\/\"><\/p>\n<p><strong>Christoph Ammann<\/strong><\/p>\n<p><\/a><\/p>\n<p>Volkswirtschaftsdirektor<\/p>\n<ul>\n<li><a href=\"mailto:chammann@yahoo.com\">E-Mail<\/a><\/li>\n<\/ul>\n<p><a href=\"https:\/\/spbielbienneseeland.ch\/person\/elisabeth-beck\/\"><img decoding=\"async\" src=\"https:\/\/spbielbienneseeland.ch\/wp-content\/uploads\/2023\/01\/csm_Beck_Elisabeth_2022_web_2a296e1824-1-600x600.jpg?v=1674666140\" alt=\"Elisabeth Beck\" loading=\"lazy\"><\/a><a href=\"https:\/\/spbielbienneseeland.ch\/person\/elisabeth-beck\/\"><\/p>\n<p><strong>Elisabeth Beck<\/strong><\/p>\n<p><\/a><\/p>\n<p>frei gew\u00e4hltes Mitglied (francophone)<\/p>\n<ul>\n<li><a href=\"mailto:e.beck@epsainti.ch\">E-Mail<\/a><\/li>\n<\/ul>\n<p><a href=\"https:\/\/spbielbienneseeland.ch\/person\/clara-wyss\/\"><img decoding=\"async\" src=\"https:\/\/spbielbienneseeland.ch\/wp-content\/uploads\/2023\/01\/csm_Bieri_Vanessa_2022_web_3b60769b66-600x600.jpg?v=1675679971\" alt=\"Vanessa Bieri\" loading=\"lazy\"><\/a><a href=\"https:\/\/spbielbienneseeland.ch\/person\/clara-wyss\/\"><\/p>\n<p><strong>Vanessa Bieri<\/strong><\/p>\n<p><\/a><\/p>\n<p>frei gew\u00e4hltes Mitglied, SP Frauen<\/p>\n<ul>\n<li><a href=\"mailto:vanessa-bieri@gmx.ch\">E-Mail<\/a><\/li>\n<\/ul>\n<p><a href=\"https:\/\/spbielbienneseeland.ch\/person\/ueli-egger\/\"><img decoding=\"async\" src=\"https:\/\/spbielbienneseeland.ch\/wp-content\/uploads\/2023\/01\/csm_Egger_Ueli_SP_GRW2022_web_870099d1f6-1-600x600.jpg?v=1674666146\" alt=\"Ueli Egger\" loading=\"lazy\"><\/a><a href=\"https:\/\/spbielbienneseeland.ch\/person\/ueli-egger\/\"><\/p>\n<p><strong>Ueli Egger<\/strong><\/p>\n<p><\/a><\/p>\n<p>Co-Pr\u00e4sident<\/p>\n<ul>\n<li><a href=\"mailto:ueli.egger@sunrise.ch\">E-Mail<\/a><\/li>\n<\/ul>\n<p><a href=\"https:\/\/spbielbienneseeland.ch\/person\/michael-grossenbacher\/\"><img decoding=\"async\" src=\"https:\/\/spbielbienneseeland.ch\/wp-content\/uploads\/2023\/01\/csm_Grossenbacher_Michael_d143454afb-2-600x600.jpg?v=1674666100\" alt=\"Michael Grossenbacher\" loading=\"lazy\"><\/a><a href=\"https:\/\/spbielbienneseeland.ch\/person\/michael-grossenbacher\/\"><\/p>\n<p><strong>Michael Grossenbacher<\/strong><\/p>\n<p><\/a><\/p>\n<p>Vizepr\u00e4sident<\/p>\n<ul>\n<li><a href=\"mailto:mg@eventmacher.ch\">E-Mail<\/a><\/li>\n<\/ul>\n<p><a href=\"https:\/\/spbielbienneseeland.ch\/person\/manuela-kocher-hirt\/\"><img decoding=\"async\" src=\"https:\/\/spbielbienneseeland.ch\/wp-content\/uploads\/2023\/01\/csm_Manuela_Kocher_952119eea8-1-600x600.png?v=1674666239\" alt=\"Manuela Kocher Hirt\" loading=\"lazy\"><\/a><a href=\"https:\/\/spbielbienneseeland.ch\/person\/manuela-kocher-hirt\/\"><\/p>\n<p><strong>Manuela Kocher Hirt<\/strong><\/p>\n<p><\/a><\/p>\n<p>Vizepr\u00e4sidentin, Grossr\u00e4tin Biel-Seeland<\/p>\n<ul>\n<li><a href=\"mailto:manuela.kocher@besonet.ch\">E-Mail<\/a><\/li>\n<\/ul>\n<p><a href=\"https:\/\/spbielbienneseeland.ch\/person\/halua-pinto-de-magalhaes\/\"><img decoding=\"async\" src=\"https:\/\/spbielbienneseeland.ch\/wp-content\/uploads\/2023\/01\/csm_Pinto_de_Magalhaes_2022_0148_web_8a79f029ee-1-600x600.jpg?v=1674666137\" alt=\"Halua Pinto de Magalh\u00e3es\" loading=\"lazy\"><\/a><a href=\"https:\/\/spbielbienneseeland.ch\/person\/halua-pinto-de-magalhaes\/\"><\/p>\n<p><strong>Halua Pinto de Magalh\u00e3es<\/strong><\/p>\n<p><\/a><\/p>\n<p>frei gew\u00e4hltes Mitglied SP MigrantInnen<\/p>\n<ul>\n<li><a href=\"mailto:halpinto@gmx.ch\">E-Mail<\/a><\/li>\n<\/ul>\n<p><a href=\"https:\/\/spbielbienneseeland.ch\/person\/maurane-riesen\/\"><img decoding=\"async\" src=\"https:\/\/spbielbienneseeland.ch\/wp-content\/uploads\/2023\/01\/csm_Riesen_Maurane_c779935e49-1-600x600.jpg?v=1674666465\" alt=\"Maurane Riesen\" loading=\"lazy\"><\/a><a href=\"https:\/\/spbielbienneseeland.ch\/person\/maurane-riesen\/\"><\/p>\n<p><strong>Maurane Riesen<\/strong><\/p>\n<p><\/a><\/p>\n<p>Vizepr\u00e4sidentin SP BE, Mitglied der Fraktion Grand Conseil Jura Bernois (PSA)<\/p>\n<ul>\n<li><a href=\"mailto:riesen.m@gmail.com\">E-Mail<\/a><\/li>\n<\/ul>\n<p><a href=\"https:\/\/spbielbienneseeland.ch\/person\/sebastian-ruethy-scheuner\/\"><img decoding=\"async\" src=\"https:\/\/spbielbienneseeland.ch\/wp-content\/uploads\/2023\/01\/csm_Ruethy_Sebastian_SP_GRW2022_web_45d18ab74d-1-600x600.jpg?v=1674666135\" alt=\"Sebastian R\u00fcthy-Scheuner\" loading=\"lazy\"><\/a><a href=\"https:\/\/spbielbienneseeland.ch\/person\/sebastian-ruethy-scheuner\/\"><\/p>\n<p><strong>Sebastian R\u00fcthy-Scheuner<\/strong><\/p>\n<p><\/a><\/p>\n<p>frei gew\u00e4hltes Mitglied JUSO<\/p>\n<ul>\n<li><a href=\"mailto:sebi.polit@outlook.com\">E-Mail<\/a><\/li>\n<\/ul>\n<p><a href=\"https:\/\/spbielbienneseeland.ch\/person\/zora-schindler\/\"><img decoding=\"async\" src=\"https:\/\/spbielbienneseeland.ch\/wp-content\/uploads\/2023\/01\/csm_Schindler_Zora_MG_6644klein_5a76572b91-1-600x600.jpg?v=1674666474\" alt=\"Zora Schindler\" loading=\"lazy\"><\/a><a href=\"https:\/\/spbielbienneseeland.ch\/person\/zora-schindler\/\"><\/p>\n<p><strong>Zora Schindler<\/strong><\/p>\n<p><\/a><\/p>\n<p>Parteisekret\u00e4rin<\/p>\n<ul>\n<li><a href=\"tel:+41313700783\">+41 31 370 07 83<\/a><\/li>\n<li><a href=\"mailto:zora.schindler@spbielbienneseeland.ch\">E-Mail<\/a><\/li>\n<\/ul>\n<p><a href=\"https:\/\/spbielbienneseeland.ch\/person\/david-stampfli\/\"><img decoding=\"async\" src=\"https:\/\/spbielbienneseeland.ch\/wp-content\/uploads\/2023\/01\/csm_David_Stampfli_0002_RGB_quadrat_721346b45a-1-600x600.jpg?v=1674666439\" alt=\"David Stampfli\" loading=\"lazy\"><\/a><a href=\"https:\/\/spbielbienneseeland.ch\/person\/david-stampfli\/\"><\/p>\n<p><strong>David Stampfli<\/strong><\/p>\n<p><\/a><\/p>\n<p>Gesch\u00e4ftsf\u00fchrender Parteisekret\u00e4r<\/p>\n<ul>\n<li><a href=\"tel:+41313700782\">+41 31 370 07 82<\/a><\/li>\n<li><a href=\"mailto:david.stampfli@spbielbienneseeland.ch\">E-Mail<\/a><\/li>\n<\/ul>\n<p><a href=\"https:\/\/spbielbienneseeland.ch\/person\/beatrice-stucki\/\"><img decoding=\"async\" src=\"https:\/\/spbielbienneseeland.ch\/wp-content\/uploads\/2023\/02\/Stucki_Beatrice_035_web-600x600.png?v=1675680070\" alt=\"B\u00e9atrice Stucki\" loading=\"lazy\"><\/a><a href=\"https:\/\/spbielbienneseeland.ch\/person\/beatrice-stucki\/\"><\/p>\n<p><strong>B\u00e9atrice Stucki<\/strong><\/p>\n<p><\/a><\/p>\n<p>Frei gew\u00e4hltes Mitglied SP 60+<\/p>\n<ul>\n<li><a href=\"mailto:stucki_beatrice@bluewin.ch\">E-Mail<\/a><\/li>\n<\/ul>\n<p><a href=\"https:\/\/spbielbienneseeland.ch\/person\/anna-tanner\/\"><img decoding=\"async\" src=\"https:\/\/spbielbienneseeland.ch\/wp-content\/uploads\/2023\/01\/csm_Tanner-Anna_2022_web_aeb2d42e86-1-600x600.jpg?v=1674666149\" alt=\"Anna Tanner\" loading=\"lazy\"><\/a><a href=\"https:\/\/spbielbienneseeland.ch\/person\/anna-tanner\/\"><\/p>\n<p><strong>Anna Tanner<\/strong><\/p>\n<p><\/a><\/p>\n<p>Co-Pr\u00e4sidentin<\/p>\n<ul>\n<li><a href=\"mailto:anna-tanner@hotmail.com\">E-Mail<\/a><\/li>\n<\/ul>\n<p><a href=\"https:\/\/spbielbienneseeland.ch\/person\/jakub-walczak\/\"><img decoding=\"async\" src=\"https:\/\/spbielbienneseeland.ch\/wp-content\/uploads\/2023\/02\/csm_Walczak_Jaukub_53a3c9ad62-600x600.jpg?v=1675680135\" alt=\"Jakub Walczak\" loading=\"lazy\"><\/a><a href=\"https:\/\/spbielbienneseeland.ch\/person\/jakub-walczak\/\"><\/p>\n<p><strong>Jakub Walczak<\/strong><\/p>\n<p><\/a><\/p>\n<p>Genderfachperson<\/p>\n<ul>\n<li><a href=\"mailto:jakub.walczak3010@gmail.com\">E-Mail<\/a><\/li>\n<\/ul>\n<p><a href=\"https:\/\/spbielbienneseeland.ch\/person\/flavia-wasserfallen\/\"><img decoding=\"async\" src=\"https:\/\/spbielbienneseeland.ch\/wp-content\/uploads\/2023\/01\/csm_BE_Wasserfallen_Flavia_SP_061_web_c2f98dfcc7-1-600x600.jpg?v=1674666460\" alt=\"Flavia Wasserfallen\" loading=\"lazy\"><\/a><a href=\"https:\/\/spbielbienneseeland.ch\/person\/flavia-wasserfallen\/\"><\/p>\n<p><strong>Flavia Wasserfallen<\/strong><\/p>\n<p><\/a><\/p>\n<p>Nationalr\u00e4tin<\/p>\n<ul>\n<li><a href=\"mailto:flavia.wasserfallen@parl.ch\">E-Mail<\/a><\/li>\n<\/ul>\n","protected":false},"excerpt":{"rendered":"<p>Comit\u00e9 directeur Le Comit\u00e9 directeur est responsable de la direction strat\u00e9gique du PS du canton de Berne. Il arr\u00eate les lignes directrices politiques et d\u00e9cide des campagnes de votation et [&hellip;]<\/p>\n","protected":false},"author":5,"featured_media":0,"parent":30434,"menu_order":0,"comment_status":"closed","ping_status":"closed","template":"","meta":{"footnotes":""},"class_list":["post-86953","page","type-page","status-publish","hentry"],"_links":{"self":[{"href":"https:\/\/spbielbienneseeland.ch\/fr\/wp-json\/wp\/v2\/pages\/86953","targetHints":{"allow":["GET"]}}],"collection":[{"href":"https:\/\/spbielbienneseeland.ch\/fr\/wp-json\/wp\/v2\/pages"}],"about":[{"href":"https:\/\/spbielbienneseeland.ch\/fr\/wp-json\/wp\/v2\/types\/page"}],"author":[{"embeddable":true,"href":"https:\/\/spbielbienneseeland.ch\/fr\/wp-json\/wp\/v2\/users\/5"}],"replies":[{"embeddable":true,"href":"https:\/\/spbielbienneseeland.ch\/fr\/wp-json\/wp\/v2\/comments?post=86953"}],"version-history":[{"count":1,"href":"https:\/\/spbielbienneseeland.ch\/fr\/wp-json\/wp\/v2\/pages\/86953\/revisions"}],"predecessor-version":[{"id":86954,"href":"https:\/\/spbielbienneseeland.ch\/fr\/wp-json\/wp\/v2\/pages\/86953\/revisions\/86954"}],"up":[{"embeddable":true,"href":"https:\/\/spbielbienneseeland.ch\/fr\/wp-json\/wp\/v2\/pages\/30434"}],"wp:attachment":[{"href":"https:\/\/spbielbienneseeland.ch\/fr\/wp-json\/wp\/v2\/media?parent=86953"}],"curies":[{"name":"wp","href":"https:\/\/api.w.org\/{rel}","templated":true}]}}

Comité directeur

<h1>Comité directeur</h1>
<p>Le Comité directeur est responsable de la direction stratégique du PS du canton de Berne. Il arrête les lignes directrices politiques et décide des campagnes de votation et d’élection. Il réunit les membres du comité directeur, les membres PS du gouvernement, le Chancelier d’Etat et les membres élus par le congrès.</p>
<p>			<a href="https://spbielbienneseeland.ch/person/michael-aeschbacher/"><img decoding="async" src="https://spbielbienneseeland.ch/wp-content/uploads/2023/01/csm_Bild_Michael_Aeschbacher_farbig_67d67c0ada-1-600x600.jpg?v=1674666468" alt="Michael Aeschbacher" loading="lazy"></a><a href="https://spbielbienneseeland.ch/person/michael-aeschbacher/"></p>
<p><strong>Michael Aeschbacher</strong></p>
<p></a></p>
<p>frei gewähltes Mitglied</p>
<ul>
<li><a href="mailto:aeschbacher.michael@outlook.com">E-Mail</a></li>
</ul>
<p><a href="https://spbielbienneseeland.ch/person/evi-allemann/"><img decoding="async" src="https://spbielbienneseeland.ch/wp-content/uploads/2023/01/csm_Evi_Allemann_klein_a3ada97a6d-1-600x600.jpg?v=1674666153" alt="Evi Allemann" loading="lazy"></a><a href="https://spbielbienneseeland.ch/person/evi-allemann/"></p>
<p><strong>Evi Allemann</strong></p>
<p></a></p>
<p>Direktorin der Direktion für Inneres und Justiz</p>
<ul>
<li><a href="mailto:evi.allemann@be.ch">E-Mail</a></li>
</ul>
<p><a href="https://spbielbienneseeland.ch/person/cipriano-alvarez/"><img decoding="async" src="https://spbielbienneseeland.ch/wp-content/uploads/2023/01/csm_Bild_CAlvarez_6f9f77fa89-1-600x600.jpg?v=1674666471" alt="Cipriano Alvarez" loading="lazy"></a><a href="https://spbielbienneseeland.ch/person/cipriano-alvarez/"></p>
<p><strong>Cipriano Alvarez</strong></p>
<p></a></p>
<p>Juristische Fachperson</p>
<ul>
<li><a href="mailto:c.alvarez@bluewin.ch">E-Mail</a></li>
</ul>
<p><a href="https://spbielbienneseeland.ch/person/christoph-ammann/"><img decoding="async" src="https://spbielbienneseeland.ch/wp-content/uploads/2023/01/csm_Christoph_Ammann_4fafff9b4a-1-600x600.jpg?v=1674666151" alt="Christoph Ammann" loading="lazy"></a><a href="https://spbielbienneseeland.ch/person/christoph-ammann/"></p>
<p><strong>Christoph Ammann</strong></p>
<p></a></p>
<p>Volkswirtschaftsdirektor</p>
<ul>
<li><a href="mailto:chammann@yahoo.com">E-Mail</a></li>
</ul>
<p><a href="https://spbielbienneseeland.ch/person/elisabeth-beck/"><img decoding="async" src="https://spbielbienneseeland.ch/wp-content/uploads/2023/01/csm_Beck_Elisabeth_2022_web_2a296e1824-1-600x600.jpg?v=1674666140" alt="Elisabeth Beck" loading="lazy"></a><a href="https://spbielbienneseeland.ch/person/elisabeth-beck/"></p>
<p><strong>Elisabeth Beck</strong></p>
<p></a></p>
<p>frei gewähltes Mitglied (francophone)</p>
<ul>
<li><a href="mailto:e.beck@epsainti.ch">E-Mail</a></li>
</ul>
<p><a href="https://spbielbienneseeland.ch/person/clara-wyss/"><img decoding="async" src="https://spbielbienneseeland.ch/wp-content/uploads/2023/01/csm_Bieri_Vanessa_2022_web_3b60769b66-600x600.jpg?v=1675679971" alt="Vanessa Bieri" loading="lazy"></a><a href="https://spbielbienneseeland.ch/person/clara-wyss/"></p>
<p><strong>Vanessa Bieri</strong></p>
<p></a></p>
<p>frei gewähltes Mitglied, SP Frauen</p>
<ul>
<li><a href="mailto:vanessa-bieri@gmx.ch">E-Mail</a></li>
</ul>
<p><a href="https://spbielbienneseeland.ch/person/ueli-egger/"><img decoding="async" src="https://spbielbienneseeland.ch/wp-content/uploads/2023/01/csm_Egger_Ueli_SP_GRW2022_web_870099d1f6-1-600x600.jpg?v=1674666146" alt="Ueli Egger" loading="lazy"></a><a href="https://spbielbienneseeland.ch/person/ueli-egger/"></p>
<p><strong>Ueli Egger</strong></p>
<p></a></p>
<p>Co-Präsident</p>
<ul>
<li><a href="mailto:ueli.egger@sunrise.ch">E-Mail</a></li>
</ul>
<p><a href="https://spbielbienneseeland.ch/person/michael-grossenbacher/"><img decoding="async" src="https://spbielbienneseeland.ch/wp-content/uploads/2023/01/csm_Grossenbacher_Michael_d143454afb-2-600x600.jpg?v=1674666100" alt="Michael Grossenbacher" loading="lazy"></a><a href="https://spbielbienneseeland.ch/person/michael-grossenbacher/"></p>
<p><strong>Michael Grossenbacher</strong></p>
<p></a></p>
<p>Vizepräsident</p>
<ul>
<li><a href="mailto:mg@eventmacher.ch">E-Mail</a></li>
</ul>
<p><a href="https://spbielbienneseeland.ch/person/manuela-kocher-hirt/"><img decoding="async" src="https://spbielbienneseeland.ch/wp-content/uploads/2023/01/csm_Manuela_Kocher_952119eea8-1-600x600.png?v=1674666239" alt="Manuela Kocher Hirt" loading="lazy"></a><a href="https://spbielbienneseeland.ch/person/manuela-kocher-hirt/"></p>
<p><strong>Manuela Kocher Hirt</strong></p>
<p></a></p>
<p>Vizepräsidentin, Grossrätin Biel-Seeland</p>
<ul>
<li><a href="mailto:manuela.kocher@besonet.ch">E-Mail</a></li>
</ul>
<p><a href="https://spbielbienneseeland.ch/person/halua-pinto-de-magalhaes/"><img decoding="async" src="https://spbielbienneseeland.ch/wp-content/uploads/2023/01/csm_Pinto_de_Magalhaes_2022_0148_web_8a79f029ee-1-600x600.jpg?v=1674666137" alt="Halua Pinto de Magalhães" loading="lazy"></a><a href="https://spbielbienneseeland.ch/person/halua-pinto-de-magalhaes/"></p>
<p><strong>Halua Pinto de Magalhães</strong></p>
<p></a></p>
<p>frei gewähltes Mitglied SP MigrantInnen</p>
<ul>
<li><a href="mailto:halpinto@gmx.ch">E-Mail</a></li>
</ul>
<p><a href="https://spbielbienneseeland.ch/person/maurane-riesen/"><img decoding="async" src="https://spbielbienneseeland.ch/wp-content/uploads/2023/01/csm_Riesen_Maurane_c779935e49-1-600x600.jpg?v=1674666465" alt="Maurane Riesen" loading="lazy"></a><a href="https://spbielbienneseeland.ch/person/maurane-riesen/"></p>
<p><strong>Maurane Riesen</strong></p>
<p></a></p>
<p>Vizepräsidentin SP BE, Mitglied der Fraktion Grand Conseil Jura Bernois (PSA)</p>
<ul>
<li><a href="mailto:riesen.m@gmail.com">E-Mail</a></li>
</ul>
<p><a href="https://spbielbienneseeland.ch/person/sebastian-ruethy-scheuner/"><img decoding="async" src="https://spbielbienneseeland.ch/wp-content/uploads/2023/01/csm_Ruethy_Sebastian_SP_GRW2022_web_45d18ab74d-1-600x600.jpg?v=1674666135" alt="Sebastian Rüthy-Scheuner" loading="lazy"></a><a href="https://spbielbienneseeland.ch/person/sebastian-ruethy-scheuner/"></p>
<p><strong>Sebastian Rüthy-Scheuner</strong></p>
<p></a></p>
<p>frei gewähltes Mitglied JUSO</p>
<ul>
<li><a href="mailto:sebi.polit@outlook.com">E-Mail</a></li>
</ul>
<p><a href="https://spbielbienneseeland.ch/person/zora-schindler/"><img decoding="async" src="https://spbielbienneseeland.ch/wp-content/uploads/2023/01/csm_Schindler_Zora_MG_6644klein_5a76572b91-1-600x600.jpg?v=1674666474" alt="Zora Schindler" loading="lazy"></a><a href="https://spbielbienneseeland.ch/person/zora-schindler/"></p>
<p><strong>Zora Schindler</strong></p>
<p></a></p>
<p>Parteisekretärin</p>
<ul>
<li><a href="tel:+41313700783">+41 31 370 07 83</a></li>
<li><a href="mailto:zora.schindler@spbielbienneseeland.ch">E-Mail</a></li>
</ul>
<p><a href="https://spbielbienneseeland.ch/person/david-stampfli/"><img decoding="async" src="https://spbielbienneseeland.ch/wp-content/uploads/2023/01/csm_David_Stampfli_0002_RGB_quadrat_721346b45a-1-600x600.jpg?v=1674666439" alt="David Stampfli" loading="lazy"></a><a href="https://spbielbienneseeland.ch/person/david-stampfli/"></p>
<p><strong>David Stampfli</strong></p>
<p></a></p>
<p>Geschäftsführender Parteisekretär</p>
<ul>
<li><a href="tel:+41313700782">+41 31 370 07 82</a></li>
<li><a href="mailto:david.stampfli@spbielbienneseeland.ch">E-Mail</a></li>
</ul>
<p><a href="https://spbielbienneseeland.ch/person/beatrice-stucki/"><img decoding="async" src="https://spbielbienneseeland.ch/wp-content/uploads/2023/02/Stucki_Beatrice_035_web-600x600.png?v=1675680070" alt="Béatrice Stucki" loading="lazy"></a><a href="https://spbielbienneseeland.ch/person/beatrice-stucki/"></p>
<p><strong>Béatrice Stucki</strong></p>
<p></a></p>
<p>Frei gewähltes Mitglied SP 60+</p>
<ul>
<li><a href="mailto:stucki_beatrice@bluewin.ch">E-Mail</a></li>
</ul>
<p><a href="https://spbielbienneseeland.ch/person/anna-tanner/"><img decoding="async" src="https://spbielbienneseeland.ch/wp-content/uploads/2023/01/csm_Tanner-Anna_2022_web_aeb2d42e86-1-600x600.jpg?v=1674666149" alt="Anna Tanner" loading="lazy"></a><a href="https://spbielbienneseeland.ch/person/anna-tanner/"></p>
<p><strong>Anna Tanner</strong></p>
<p></a></p>
<p>Co-Präsidentin</p>
<ul>
<li><a href="mailto:anna-tanner@hotmail.com">E-Mail</a></li>
</ul>
<p><a href="https://spbielbienneseeland.ch/person/jakub-walczak/"><img decoding="async" src="https://spbielbienneseeland.ch/wp-content/uploads/2023/02/csm_Walczak_Jaukub_53a3c9ad62-600x600.jpg?v=1675680135" alt="Jakub Walczak" loading="lazy"></a><a href="https://spbielbienneseeland.ch/person/jakub-walczak/"></p>
<p><strong>Jakub Walczak</strong></p>
<p></a></p>
<p>Genderfachperson</p>
<ul>
<li><a href="mailto:jakub.walczak3010@gmail.com">E-Mail</a></li>
</ul>
<p><a href="https://spbielbienneseeland.ch/person/flavia-wasserfallen/"><img decoding="async" src="https://spbielbienneseeland.ch/wp-content/uploads/2023/01/csm_BE_Wasserfallen_Flavia_SP_061_web_c2f98dfcc7-1-600x600.jpg?v=1674666460" alt="Flavia Wasserfallen" loading="lazy"></a><a href="https://spbielbienneseeland.ch/person/flavia-wasserfallen/"></p>
<p><strong>Flavia Wasserfallen</strong></p>
<p></a></p>
<p>Nationalrätin</p>
<ul>
<li><a href="mailto:flavia.wasserfallen@parl.ch">E-Mail</a></li>
</ul>

<p>Comité directeur Le Comité directeur est responsable de la direction stratégique du PS du canton de Berne. Il arrête les lignes directrices politiques et décide des campagnes de votation et [&hellip;]</p>
